t c be (2 + -1)*-2*i. Calculate the highest common divisor of c and 4.
2
Suppose 74*a = 77*a - 429. What is the greatest common factor of 11 and a?
11
Let z be 6/(-2) - (-12 + -9). Suppose 5*k - 31 - 100 = -2*n, 0 = 4*n + 8. What is the greatest common factor of z and k?
9
Let n = 1 - -1. Let p be (-11 + n)*(-1 - 5). Let a(i) = 9*i**3 + i**2 - 2*i + 1. Let u be a(1). Calculate the highest common factor of p and u.
9
Let t(y) = 13*y + 1. Let z be t(1). What is the greatest common factor of z and 2?
2
Let d(y) = 4*y**3 + 2*y**2 - 2*y + 1. Let t be d(1). What is the highest common divisor of 40 and t?
5
Suppose -2*k + 90 = a + a, 0 = 4*k - 4. Let y = -11 + 22. What is the greatest common factor of a and y?
11
Let x be 92/28 - 2/7. Let g(o) = o**3 - 3*o**2 + 2*o. Let a be g(x). Suppose 5*c - 9 = a. Calculate the highest common factor of c and 21.
3
Let n be (-33)/(-7) + (-6)/(-21). Suppose -3*v + 20 = -5*x, 4*x + 11 - 1 = 2*v. Calculate the greatest common factor of n and v.
5
Suppose -2*y = -2*u + 4*u - 424, 0 = 2*u + 4. Suppose -5*l = -11 - y. Calculate the highest common divisor of 18 and l.
9
Suppose 99 = 5*b - 306. What is the highest common factor of b and 9?
9
Suppose 0 = -3*d + 9 + 12. Suppose 3*c - 33 = 2*o - d, c - 4*o - 2 = 0. What is the highest common factor of c and 4?
2
Let z = 25 + -12. Calculate the greatest common divisor of z and 143.
13
Let a = 33 + -26. What is the highest common factor of a and 1?
1
Suppose -14*z + 80 = -4*z. Calculate the highest common factor of 12 and z.
4
Let r be (9/5 + -1)*5. Let f be (-8)/((-5)/(30/r)). Calculate the highest common divisor of 4 and f.
4
Suppose 2*n = 2*d + 300, 620 = -2*n + 6*n + d. Let i = -521 - -543. What is the highest common factor of n and i?
22
Let g be (25/(-75))/((4/399)/(-4)). What is the greatest common factor of 38 and g?
19
Suppose -21 = -3*i + 15. Suppose -j + 20 = 3*s + s, 3*j - 4*s = i. What is the greatest common factor of j and 20?
4
Suppose 0 = -t + 4*t - 168. Suppose 0 = g - 2, 4*g = -4*r + t - 12. Let h = -173 - -182. What is the highest common factor of h and r?
9
Let w(s) = 5*s - 5 + 2*s**2 + 13 - 3 + 2*s. Suppose 0 = 4*a - 6 + 22. Let k be w(a). What is the greatest common factor of 6 and k?
3
Let q(i) = -40*i + 5. Let f be q(-4). Let a = f - 85. Suppose -4*b + 2*b + a = 0. What is the greatest common divisor of 5 and b?
5
Let z(l) be the second derivative of l**5/20 + 7*l**4/12 - l**3/3 + 4*l**2 + l. Let t be z(-7). Calculate the greatest common divisor of 55 and t.
11
Let u(o) = o**3 + 3*o**2 - o + 1. Let n be u(3). Calculate the highest common divisor of n and 13.
13
Let o = 7 - 4. Suppose 2*q = -o*z + 183, -440 = -6*q + q - 4*z. What is the highest common divisor of q and 12?
12
Let u = 62 - 42. Suppose 2*d - u = -2*d. Suppose -d*h + 22 = -43. What is the greatest common divisor of 65 and h?
13
Suppose 64 = -3*n + 85. Let j be 5 - (-6)/(3 + 0). Calculate the highest common divisor of j and n.
7
Suppose -12 = -z + 116. What is the greatest common factor of z and 16?
16
Let u(t) = -2*t + 2. Let i be u(-5). What is the highest common factor of i and 36?
12
Let t(d) = -d - 14. Let v be t(-10). Let k be v/3*51/(-2). Calculate the greatest common factor of 51 and k.
17
Suppose 2*d = -n - 2*n + 38, -n - 2*d = -10. What is the highest common factor of n and 21?
7
Suppose 54 = 3*a - f, -2*f - 16 - 20 = -2*a. What is the greatest common divisor of 2 and a?
2
Let w = -46 - -49. Let r be ((-1)/(-1))/(-1) + 114. Suppose 32 - r = -w*s. What is the highest common divisor of s and 18?
9
Let y be (4/5)/((-1)/(-15)). Suppose 0 = -d + 71 + 35. Let m = 190 - d. What is the highest common factor of y and m?
12
Suppose 6*c = 4*c + 90. What is the greatest common divisor of c and 9?
9
Let j be 2/(-3) + (-228)/(-18). What is the greatest common divisor of 4 and j?
4
Suppose 5*z = -0*z + 350. Let g be -3*(100/6)/(-5). Calculate the highest common divisor of g and z.
10
Suppose 4*n = 5*i - 64, 0*n - n + 59 = 5*i. Suppose 3*g = f + 13 + 2, 0 = g - 5*f - 5. Suppose 0 = g*x - 20 - 20. What is the highest common factor of x and i?
4
Let g = -6 - -3. Let t(d) = 4*d**2 + 3*d - 4. Let b be t(g). Suppose 4*h - 13 = b. What is the highest common divisor of 36 and h?
9
Let u = -6 - -8. Suppose u*a = 5*x - 11, -13 = -3*x - x + 3*a. Let l(h) = -h**2 - 6*h + 8. Let o be l(-6). What is the greatest common factor of o and x?
1
Let q be (10/2)/(6/1044*6). What is the highest common divisor of q and 58?
29
Let p(c) = 2*c - 12. Suppose -45 = -3*w - 3*b + 3, 6 = 2*b. Let l be p(w). What is the greatest common factor of 14 and l?
14
Let l = 18 - 27. Let u = l - -16. Suppose -5*d + 5*s + 194 = -61, -2*d = 5*s - 88. What is the highest common divisor of u and d?
7
Let s(j) = j**3 - 6*j**2 + 3*j - 5. Let y be s(5). Let d = -14 - y. Let g be (-2)/(1*2) - -5. What is the highest common factor of g and d?
1
Suppose -1 = -8*d + 7. Calculate the highest common divisor of d and 9.
1
Suppose 6 = 3*x + 4*p, 0 = x - p - 2. Let f be (-1)/(-2) - (-31)/x. Calculate the highest common factor of f and 32.
16
Let j = -7 + 9. Calculate the highest common factor of j and 22.
2
Let y be 4 - (1 - 0) - -41. Let i be (y/2)/2*1. What is the highest common divisor of 77 and i?
11
Let s be (-72)/(-3 + 3/2). What is the greatest common divisor of s and 36?
12
Let l be (-1 + 0)/(2/(-72)). Suppose 14 = -v + 3*c + 3, 3*v - 3*c = -9. Let x be (12 + 0/2)/v. Calculate the highest common factor of x and l.
12
Suppose 3*c - 2*c - 45 = 0. Suppose 3*l - c = -0*l. Let s be 228/l - 2/10. What is the greatest common factor of s and 120?
15
Let k(a) = 8*a - 10. Let l be k(3). Calculate the highest common divisor of 28 and l.
14
Let u(y) = y**2 - 5*y - 6. Let w be u(6). Suppose -7*p + 3*p + 24 = w. Calculate the greatest common divisor of p and 4.
2
Suppose 0 = 5*b - 196 - 44. Let g be (2 + 18/(-5))*5. Let f be (-47)/(-4) - 2/g. Calculate the highest common factor of b and f.
12
Suppose -b - b - 378 = -4*p, 3*p + 3*b = 297. What is the highest common divisor of 12 and p?
12
Suppose -3*k - 1 + 16 = 0. Let i(r) = 2*r**3 - 8*r**2 + 4*r + 7. Let c be i(k). Let u = -3 - -14. Calculate the greatest common divisor of c and u.
11
Suppose 185 = 3*v + 2*r + 24, -214 = -4*v - 3*r. Suppose 15 = -0*a + 3*a. Calculate the greatest common divisor of a and v.
5
Let l(t) = t**3 - 6*t**2 + 4*t + 5. Let j be l(5). Suppose g = -3, j = -2*z + 3*g - 4 - 45. Let o = -15 - z. Calculate the greatest common factor of 56 and o.
14
Suppose -4*u + 5*f + 315 = 0, -u = 3*f - 4*f - 80. Calculate the greatest common divisor of u and 17.
17
Suppose 2*x - 48 + 16 = 0. Calculate the highest common divisor of 16 and x.
16
Let b = 43 + -22. Let k be 1*5 - 1 - 1. Calculate the highest common factor of k and b.
3
Let t(m) = 3*m**2 - 11*m + 5. Let k be t(7). Calculate the greatest common factor of 60 and k.
15
Let y(h) = h - 6*h + 0*h - h + 12. Let j be y(-10). Calculate the highest common factor of 8 and j.
8
Let w(u) = -u**2 - 6*u + 4. Let s be w(-6). What is the greatest common divisor of 32 and s?
4
Let n = 45 + 25. What is the highest common divisor of 28 and n?
14
Let b = -85 - -122. What is the highest common divisor of 74 and b?
37
Let a be 0 - 2 - 28*-2. Let q(y) = -y**2 - 7*y - 4. Let r = -16 + 11. Let x be q(r). Calculate the greatest common divisor of x and a.
6
Let i = 281 + 27. Calculate the highest common factor of i and 28.
28
Suppose -79 = -2*k - 19. What is the greatest common factor of k and 330?
30
Let n(k) = k - 7. Let p be n(5). Let x = 4 + p. Suppose 0 = -x*y + 3*u + 69, y + 135 = 5*y - 5*u. What is the highest common divisor of 12 and y?
6
Let x be 9/4 - (-15)/20. Suppose -2*a + 60 = a + x*f, a - 5*f = 32. Calculate the greatest common factor of a and 44.
22
Let w be (0 - 1)*19/1. Let y = 70 + w. Let v be ((-12)/(-9))/(2/51). Calculate the highest common factor of v and y.
17
Suppose -5 = 5*y - 35. Let u(w) = 2*w - 6. Let h be u(y). Let d be -1 + (-3)/h*-154. What is the greatest common factor of 19 and d?
19
Let l(p) = -p**2 + 3*p. Let w be l(4). Let k be (-1 + w)*44/(-10). Calculate the greatest common factor of k and 88.
22
Let v = 9 + 11. Suppose -5*t + 5*z + v = -4*t, -3*t + 3 = 4*z. Let g = 18 + 17. What is the highest common divisor of t and g?
5
Sup